*n - 3. Is s(b) a composite number?
False
Suppose 24*k - 26*k + 10 = 0. Suppose -7*l + 2*l + 5*o = -2445, -2*o - 2457 = -k*l. Is l a prime number?
False
Let i = -159 - 128. Let o = 2912 + i. Suppose 4*v - o = 5*t, 2*t + 3277 = 3*v + 2*v. Is v composite?
True
Let s(m) = 4*m + 5. Suppose 15 = 3*r + 4*k + 5, -3*k = -3*r + 24. Suppose 4*c - 38 = -r. Is s(c) composite?
False
Let k(d) = 29*d**2 - 18*d - 149. Is k(18) composite?
False
Let p(m) be the third derivative of 7*m**5/60 + 11*m**4/24 + 7*m**3/6 + 18*m**2. Is p(-5) a composite number?
False
Suppose -316 = y - 5*y. Let n = 270 - y. Is n composite?
False
Let g(z) = 3*z**3 - 57*z**2 - 17*z + 40. Is g(27) composite?
False
Suppose -6534 = -3*w + 3*h, -4*w = -4*h + h - 8717. Is w a prime number?
False
Let q be (-33)/(-1)*(3 - 552/(-9)). Suppose 0 = 8*z - 4253 - q. Is z a composite number?
False
Let s be (52/(-65))/(7/(-5) + 1). Is s/(-4)*(-961 + 3) a prime number?
True
Suppose -5*t - 9 = 3*c, -3*t - 2*c = -6*c + 17. Let s(v) = 13*v + 23. Let r(p) = 7*p + 12. Let j(o) = t*s(o) + 5*r(o). Is j(-6) a prime number?
False
Suppose 2*a + v = 7282 + 3660, -4*v = -2*a + 10962. Is a a prime number?
False
Let y = -3055 + 5634. Is y a composite number?
False
Is (93468/(-8))/(2 - 14/4) a prime number?
True
Suppose 0*x = -4*x + 5*i + 18003, 5*x = 6*i + 22505. Is x a prime number?
True
Let a = 57 + -54. Suppose 2*f + 1733 = a*u, -u + 4*u - 1768 = -5*f. Is u a composite number?
True
Suppose -s = -z - 5, -4*z - 12 = -0*s - 2*s. Let f(q) = 15*q**3 - 4*q**2 + 7*q - 3. Is f(s) composite?
True
Let j be ((-2)/(-4))/(2/20). Let p(k) = -k**3 + 4*k**2 + 7*k - 4. Let w be p(j). Suppose 4*m = 3*l - 81, w = -4*m + 2*m. Is l composite?
False
Let d = 15703 - 6464. Is d a prime number?
True
Let u(f) = 4*f**2 - 2. Let v be u(-1). Is 1799 - (1 + 1 - v) composite?
True
Suppose z = 3*b - 148, 4*b + 0*z - 5*z = 201. Let v = 96 - b. Is v prime?
True
Suppose 8*m - 727 - 313 = 0. Suppose l + m = 1333. Is l a composite number?
True
Suppose -135909 + 470988 = 9*d. Is d a prime number?
False
Let w = 62019 - 38558. Is w composite?
True
Suppose 3*p + 3*f - 11 = -2*p, 3*p = 4*f + 24. Suppose 44 = 2*a - 2*g - 56, 3*a = -p*g + 178. Is 389/9 - 12/a a composite number?
False
Suppose -11 = 3*l - 4*l. Suppose 9*j = l*j - 514. Is j a prime number?
True
Let n(j) = j**2 - 46*j - 127. Is n(-38) a prime number?
False
Suppose 5*s + 48 = 73. Suppose 8*v - 3*v + y - 1976 = 0, s*v + 4*y = 1979. Is v prime?
False
Suppose -2*h - 4 = 2*s - 3*s, -12 = -3*s + 5*h. Suppose 2*r - s*n = 8 + 226, 3*n = -2*r + 220. Is r prime?
True
Let c = -117 - 68. Let f = 914 - c. Is f a prime number?
False
Let t be -2*39/(-18) - 2/(-3). Suppose 5*j + 4*l - 23117 = 0, -t*l = -20 + 5. Is j prime?
True
Let s(p) = -p**2 - 7*p - 5. Let m be s(-2). Suppose m*j = -105 - 85. Let b = j + 96. Is b a composite number?
True
Let h(y) = y**2 - 2*y + 7. Let o(l) = 7*l + 1. Let n be o(2). Suppose -9 = -4*w + n. Is h(w) composite?
False
Let s = 35 - 26. Let p be (-336)/s*(-240)/4. Suppose -4*z = -2*j - p, -2*j - 635 = -2*z + 487. Is z a prime number?
False
Let f = -326 - -1313. Suppose -6*c + f = -3*c. Is c prime?
False
Let p(a) = -511*a + 1. Let t be p(-1). Suppose 0 = 5*r - 7*r + t. Suppose 94 = 2*x - 3*k - 433, x = -k + r. Is x a prime number?
False
Suppose 7*z - 3166 = 14551. Is z composite?
False
Let l = -87 - -178. Let k = l + -153. Is (k/(-4))/(19/38) a composite number?
False
Suppose 0 = 4*m - 17894 - 87390. Is m prime?
True
Let s(q) = 0*q + 1 - 2*q**2 + 0*q - 11*q**3 + 10*q**3. Let g be s(-3). Is (6/g)/((-7)/(-175)) a composite number?
True
Let g = -16 - -17. Let t(h) = -67*h + 8. Let w(k) = -135*k + 15. Let x(b) = 11*t(b) - 6*w(b). Is x(g) a composite number?
False
Suppose -2204 = 3*b + 9898. Let a = -2673 - b. Is a prime?
True
Suppose 5*k = 5*x, 5*x + 23 + 17 = -5*k. Let d(i) = 103*i**2 + 5*i + 9. Is d(k) prime?
True
Let g(n) = -n**2 - 15*n + 37. Let d be g(-17). Suppose -b + 4688 = 6*w - d*w, -2*w = b - 3125. Is w a composite number?
True
Let p(q) = -43*q + 120 - 16*q - 123. Is p(-2) a prime number?
False
Let h(p) = 17*p**3 - 9*p**2 + 10*p + 2. Let b be h(5). Suppose 5*z - 5*n = -192 + 2597, 4*z + 3*n - b = 0. Is z a prime number?
False
Suppose -22 = -a + 5*k, 3*k - 26 = -5*a + 7*k. Suppose -4*j = -5*v + 769 + 276, 0 = -4*v - a*j + 836. Is v composite?
True
Let f be 24/(-56) - (-192)/7. Suppose -507 = 26*h - f*h. Let z = -316 + h. Is z prime?
True
Let t = -18 + 22. Suppose -3*o + t*o = 2. Suppose 0 = o*p + 2*j - 48, 2*p - 36 = -0*p + 4*j. Is p a prime number?
False
Suppose 85232 = 5*b + 2*x + 23510, -5*b - x = -61726. Suppose 0 = 6*j - 572 - b. Is j composite?
False
Suppose -15 - 8 = o + 3*r, 81 = -4*o - r. Is (-415)/o*(27 - (-2 + 1)) prime?
False
Let f(u) = 2*u - 3. Let z be f(0). Let y be ((72/(-3))/z)/2. Suppose -2*q = 3*w - q - 423, -3*q - 564 = -y*w. Is w a composite number?
True
Let b(v) = 211*v + 80*v - 5 + 3. Let m be b(5). Let d = -966 + m. Is d a prime number?
True
Let z be 5*(36/15)/(4/4918). Suppose 10*f - 16*f = -z. Is f a composite number?
False
Let b be (-1 - -2)/(-3) + 1448/6. Suppose 2*o = 169 + b. Is o a prime number?
False
Is (-101031)/(-85) + (-4)/(-10) composite?
True
Suppose -3479 = 3*f + 4*h - 38160, 2*f - 23098 = 3*h. Is f composite?
True
Let s(r) = 52 + 0*r - 38 + r**2 - r - 8*r. Let z be s(7). Suppose z*i + 10 = 2*i, 3*h - 1577 = 2*i. Is h composite?
True
Suppose -7*p = -11*p + 7688. Is p/3 + (-2)/(-6) a prime number?
True
Let p = 14 + -13. Let r be 0*p/(-4) - 0. Suppose -4*d - 171 + 1111 = r. Is d a prime number?
False
Suppose -2*u - 8*u + 100 = 0. Let t(w) = 3*w**2 + 4*w + 15. Is t(u) composite?
True
Let r be (12/3 - 8)*1. Is 2 - (448/r + 1) a prime number?
True
Let s(z) = -z**3 + z**2 + 7. Let x be s(3). Let v(j) = -69*j - 16. Is v(x) a composite number?
False
Let p be 2*((-3)/(-2) + -1). Let g be ((-83)/249)/(1/3). Is g + (3 - p - -126) composite?
False
Let l(m) = 2858*m**2 + 9*m + 8. Is l(-1) a prime number?
True
Suppose 0 = 20*r - 19*r - 3. Suppose -1561 = -r*w + 1340. Is w prime?
True
Suppose 2*k + 20 + 32 = -3*i, i + 64 = -3*k. Let u be (k/12)/((-1)/3). Suppose -2*s = -5*g + 425, 2*s = -u*g - s + 425. Is g a composite number?
True
Suppose -365*m + 369*m = 40844. Is m a composite number?
False
Let h(u) = 15*u**2 - 6*u + 8. Let a(q) = 7*q + 5. Suppose -6*s - 20 = -s, -4*g - 5*s = 28. Let p be a(g). Is h(p) a prime number?
True
Suppose 67696 = 2*j - 2*q, 24*q - 3 = 23*q. Is j composite?
False
Is 7614776/102 - (-20)/(-12) a composite number?
False
Suppose -5*d - 1112 = -g, 5*g + 3*d - 2*d - 5664 = 0. Let x be (99/(-66))/((-6)/2744). Let m = g - x. Is m a composite number?
True
Is 53474*1 + 85 + -78 a composite number?
True
Let c(v) = 4*v**2 + 8*v + 15. Let g = -23 - -13. Let d be c(g). Suppose -d = -5*l + 4*t, 4*l = -3*t + 5*t + 268. Is l a composite number?
False
Suppose -11*c = 18*c - 88073. Is c a prime number?
True
Let d(o) = 30029*o**3 - 64*o**2 + 64*o. Is d(1) composite?
False
Let b = 5550 - 3446. Let x = b - 645. Is x prime?
True
Let w = 160 - 375. Let m = 60 - w. Suppose 5*o + m - 840 = 0. Is o a composite number?
False
Let b(h) = -h**2 + 7*h - 14. Let k = 10 + -4. Let a be b(k). Let u(w) = w**3 + 11*w**2 + 5*w - 9. Is u(a) composite?
True
Let w be ((-1)/2)/(7/(-28)). Suppose q - 319 = -2*p + 317, -w*q = p - 1287. Let o = -49 + q. Is o a prime number?
False
Let h = 46666 + -25269. Suppose -h = -7*v + 5154. Is v a composite number?
False
Let j = -75 + -122. Let t = -123 - -409. Let z = j + t. Is z prime?
True
Suppose -4*h + 12970 = 2*b, -3*b - 5*h = -0*h - 19453. Is b a composite number?
False
Suppose 0 = -12*b - 7 + 55. Suppose 0 = 4*h + z - 3015, -b*h - 2*z - 3785 = -9*h. Is h a composite number?
True
Let z = -72 - -75. Suppose -h + z*h - 2684 = 3*k, 2*h = -2*k + 2694. Is h prime?
False
Let x(o) = -205*o**2 - o - 36. Let s(w) = -102*w**2 - w - 18. Let j(y) = 5*s(y) - 3*x(y). Is j(-5) a prime number?
False
Is 42002/(-12)*(-198)/33 a prime number?
True
Suppose 14*x = -5*x + 88597. Is x prime?
True
Let z = -3445 + 7724. Is z prime?
False
Let o(k) = 16205*k - 78. Is o(1) a prime number?
True
Let o(t) = 6*t**2 - 17*t - 111. Is o(-46) a composite number?
False
Let o(z) = 23 - 7*z**2 + 18*z**2 - 10 + 15*z. Is o(-6) a prime number?
False
Let p(c) = 4